e prime factors of 1246?
2, 7, 89
What are the prime factors of 7505?
5, 19, 79
What are the prime factors of 3680?
2, 5, 23
What are the prime factors of 24388?
2, 7, 13, 67
List the prime factors of 6208.
2, 97
List the prime factors of 7777.
7, 11, 101
What are the prime factors of 83?
83
List the prime factors of 4113.
3, 457
List the prime factors of 32235.
3, 5, 7, 307
List the prime factors of 20317.
11, 1847
What are the prime factors of 125308?
2, 31327
What are the prime factors of 74104?
2, 59, 157
What are the prime factors of 132710?
2, 5, 23, 577
What are the prime factors of 3307?
3307
List the prime factors of 27430.
2, 5, 13, 211
What are the prime factors of 85673?
7, 12239
List the prime factors of 629.
17, 37
List the prime factors of 578.
2, 17
What are the prime factors of 9417?
3, 43, 73
List the prime factors of 67799.
151, 449
What are the prime factors of 4868?
2, 1217
List the prime factors of 12515.
5, 2503
List the prime factors of 100437.
3, 33479
What are the prime factors of 719?
719
List the prime factors of 2063.
2063
List the prime factors of 59406.
2, 3, 9901
What are the prime factors of 11034?
2, 3, 613
What are the prime factors of 2797?
2797
What are the prime factors of 1477?
7, 211
List the prime factors of 82783.
19, 4357
List the prime factors of 1910.
2, 5, 191
What are the prime factors of 1123?
1123
List the prime factors of 87691.
87691
What are the prime factors of 51589?
23, 2243
What are the prime factors of 4130?
2, 5, 7, 59
List the prime factors of 116532.
2, 3, 13, 83
What are the prime factors of 13?
13
What are the prime factors of 64429?
19, 3391
What are the prime factors of 36928?
2, 577
What are the prime factors of 126?
2, 3, 7
List the prime factors of 1102.
2, 19, 29
List the prime factors of 3310.
2, 5, 331
List the prime factors of 2761.
11, 251
List the prime factors of 607.
607
What are the prime factors of 29690?
2, 5, 2969
What are the prime factors of 106?
2, 53
List the prime factors of 915.
3, 5, 61
What are the prime factors of 63045?
3, 5, 467
List the prime factors of 49434.
2, 3, 7, 11, 107
What are the prime factors of 2700?
2, 3, 5
What are the prime factors of 751?
751
List the prime factors of 33793.
47, 719
What are the prime factors of 3712?
2, 29
What are the prime factors of 1282?
2, 641
What are the prime factors of 311?
311
What are the prime factors of 1761?
3, 587
What are the prime factors of 3297?
3, 7, 157
What are the prime factors of 1280?
2, 5
What are the prime factors of 1157?
13, 89
List the prime factors of 432.
2, 3
What are the prime factors of 52797?
3, 17599
What are the prime factors of 240?
2, 3, 5
What are the prime factors of 1045?
5, 11, 19
What are the prime factors of 9157?
9157
List the prime factors of 211.
211
List the prime factors of 119467.
193, 619
What are the prime factors of 1793?
11, 163
List the prime factors of 7269.
3, 2423
What are the prime factors of 282?
2, 3, 47
What are the prime factors of 88?
2, 11
What are the prime factors of 1548?
2, 3, 43
What are the prime factors of 735?
3, 5, 7
What are the prime factors of 1936?
2, 11
List the prime factors of 19299.
3, 7, 919
List the prime factors of 5295.
3, 5, 353
What are the prime factors of 81119?
81119
What are the prime factors of 5352?
2, 3, 223
What are the prime factors of 36178?
2, 18089
What are the prime factors of 5184?
2, 3
What are the prime factors of 47641?
11, 61, 71
List the prime factors of 1513.
17, 89
What are the prime factors of 945?
3, 5, 7
List the prime factors of 2433.
3, 811
List the prime factors of 1785.
3, 5, 7, 17
What are the prime factors of 32242?
2, 7, 47
What are the prime factors of 64910?
2, 5, 6491
What are the prime factors of 139004?
2, 19, 31, 59
List the prime factors of 21471.
3, 17, 421
List the prime factors of 3124.
2, 11, 71
List the prime factors of 18978.
2, 3, 3163
What are the prime factors of 6569?
6569
What are the prime factors of 1322?
2, 661
List the prime factors of 12714.
2, 3, 13, 163
List the prime factors of 2934.
2, 3, 163
What are the prime factors of 17092?
2, 4273
List the prime factors of 2499.
3, 7, 17
What are the prime factors of 992?
2, 31
What are the prime factors of 65?
5, 13
List the prime factors of 23935.
5, 4787
List the prime factors of 10828.
2, 2707
List the prime factors of 21469.
7, 3067
What are the prime factors of 32221?
7, 4603
What are the prime factors of 25539?
3, 8513
What are the prime factors of 14064?
2, 3, 293
List the prime factors of 43457.
43457
List the prime factors of 1801.
1801
What are the prime factors of 1952?
2, 61
List the prime factors of 10450.
2, 5, 11, 19
What are the prime factors of 6833?
6833
What are the prime factors of 32971?
32971
What are the prime factors of 2?
2
List the prime factors of 1808.
2, 113
List the prime factors of 511.
7, 73
What are the prime factors of 4383?
3, 487
List the prime factors of 686.
2, 7
What are the prime factors of 3508?
2, 877
What are the prime factors of 31289?
67, 467
What are the prime factors of 83562?
2, 3, 19, 733
What are the prime factors of 470?
2, 5, 47
List the prime factors of 33135.
3, 5, 47
List the prime factors of 47878.
2, 37, 647
What are the prime factors of 3881?
3881
What are the prime factors of 157623?
3, 52541
What are the prime factors of 8?
2
What are the prime factors of 19737?
3, 17, 43
List the prime factors of 10137.
3, 31, 109
List the prime factors of 1297.
1297
List the prime factors of 46234.
2, 23117
What are the prime factors of 1925?
5, 7, 11
List the prime factors of 68190.
2, 3, 5, 2273
List the prime factors of 4888.
2, 13, 47
List the prime factors of 3816.
2, 3, 53
What are the prime factors of 291?
3, 97
List the prime factors of 3110.
2, 5, 311
What are the prime factors of 621?
3, 23
List the prime factors of 189.
3, 7
What are the prime factors of 1451?
1451
List the prime factors of 2130.
2, 3, 5, 71
What are the prime factors of 5459?
53, 103
List the prime factors of 556.
2, 139
What are the prime factors of 25169?
25169
What are the prime factors of 12789?
3, 7, 29
What are the prime factors of 5362?
2, 7, 383
What are the prime factors of 21458?
2, 10729
What are the prime factors of 560?
2, 5, 7
What are the prime factors of 598?
2, 13, 23
What are the prime factors of 20763?
3, 769
List the prime factors of 2199.
3, 733
List the prime factors of 17655.
3, 5, 11, 107
What are the prime factors of 7351?
7351
List the prime factors of 42095.
5, 8419
What are the prime factors of 42590?
2, 5, 4259
What are the prime factors of 4019?
4019
What are the prime factors of 1024?
2
List the prime factors of 33997.
33997
What are the prime factors of 5723?
59, 97
List the prime factors of 3459.
3, 1153
What are the prime factors of 156?
2, 3, 13
List the prime factors of 2264.
2, 283
List the prime factors of 3321.
3, 41
List the prime factors of 11415.
3, 5, 761
What are the prime factors of 7566?
2, 3, 13, 97
What are the prime factors of 28336?
2, 7, 11, 23
List the prime factors of 1047.
3, 349
List the prime factors of 41666.
2, 83, 251
What are the prime factors of 8091?
3, 29, 31
List the prime factors of 772.
2, 193
What are the prime factors of 120657?
3, 37, 1087
What are the prime factors of 10500?
2, 3, 5, 7
List the prime factors of 832.
2, 13
List the prime factors of 3172.
2, 13, 61
What are the prime factors of 362?
2, 181
List the prime factors of 1178.
2, 19, 31
What are the prime factors of 753?
3, 251
List the prime factors of 2217.
3, 739
What are the prime factors of 1678?
2, 839
What are the prime factors of 1972?
2, 17, 29
List the prime factors of 89320.
2, 5, 7, 11, 29
What are the prime factors of 1233?
3, 137
What are the prime factors of 30256?
2, 31, 61
List the prime factors of 1206.
2, 3, 67
What are the prime factors of 4543?
7, 11, 59
List the prime factors of 101014.
2, 17, 2971
List the prime factors of 66015.
3, 5, 163
What are the prime factors of 140715?
3, 5, 53, 59
List the prime factors of 997.
997
What are the prime factors of 437?
19, 23
What are the prime factors of 9812?
2, 11, 223
List the prime factors of 2286.
2, 3, 127
List the prime factors of 11989.
19, 631
List the prime factors of 429.
3, 11, 13
List the prime factors of